4*s - 1 = t, -4*s - 10 = 2*y - 0. Does 15 divide r(y)?
True
Let v(p) = p**3 + 7*p**2 + 4*p + 13. Let y(j) = -j + 1. Let f(g) = -v(g) + 4*y(g). Let a be (-2)/(-7) + (-44)/7. Does 3 divide f(a)?
True
Suppose 0 = -7*z + 6*z + 143. Is z a multiple of 52?
False
Is 10 a factor of 279/4 - 15/(-60)?
True
Suppose -h = -0 + 3. Let k = h - -17. Is k a multiple of 7?
True
Suppose k - 9 = d, 2*d - 13 = -2*k + 3*d. Suppose -k*m + 8 = -2*m. Is m even?
True
Let f(c) = -c**3 - 5*c**2 - 4*c - 1. Is 19 a factor of f(-5)?
True
Suppose 5*z - 14 = 11. Suppose 0 = -z*k + 748 - 298. Suppose 6*n = n + k. Is 9 a factor of n?
True
Let o(k) = 0 + 0*k**2 - k**2 + 2*k + 2*k**2 + 4. Is o(4) a multiple of 10?
False
Let c = 163 + -72. Suppose 15 = -4*u + c. Is 19 a factor of u?
True
Let v(w) = -14*w - 2. Does 18 divide v(-15)?
False
Suppose -j = 4*j + 4*d - 226, -2*j + 88 = d. Does 14 divide j?
True
Suppose 4*p + 2*g = 66, -3*p = -g + 3*g - 49. Is 17 a factor of p?
True
Does 13 divide (-16)/28 + 1416/28?
False
Let a = 28 - -27. Is a a multiple of 23?
False
Let g(q) = q**2 + 7*q + 6. Let w(v) = -v**3 - 8*v**2 - 9*v - 8. Let z be w(-7). Suppose -z*d - 40 = -d. Does 7 divide g(d)?
True
Suppose -f + 280 = -5*n, -311 = -5*f + 3*n + 1111. Let o be (f*(-1 + 0))/1. Is ((-4)/10)/(3/o) a multiple of 14?
False
Let a(j) = j**2 - 9*j - 22. Let w be a(12). Let g be 1/4 - 197/4. Let f = w - g. Does 17 divide f?
False
Let k(n) = -9*n - 5. Let z(q) = -26*q - 15. Let c(u) = -11*k(u) + 4*z(u). Is 5 a factor of c(-4)?
True
Let i(w) = -w**3 - 7*w**2 + 8. Let m be i(-7). Does 15 divide 126/m + 6/24?
False
Is (-10)/(2*(-2)/32) a multiple of 10?
True
Suppose m - 5 = -1. Suppose 94 = 2*u + m*a, 4*a = -u - 0*a + 45. Is u a multiple of 26?
False
Let u = -128 + 450. Is u a multiple of 14?
True
Does 6 divide (-1)/2 + (-324)/(-8)?
False
Let h(f) = -f**3 + 14*f**2 - 13*f - 17. Is h(12) a multiple of 14?
False
Let v = -3 - -8. Suppose m = -v + 11. Is 6 a factor of m?
True
Suppose 6*t - 57 = 4*t - y, y + 55 = 2*t. Let b = -5 + 15. Let c = t - b. Does 9 divide c?
True
Let u = 6 - 12. Let h(q) = -8*q - 6. Is h(u) a multiple of 21?
True
Let o = -32 - -47. Suppose -4*i - o = i. Is (-29)/i - 4/(-12) a multiple of 9?
False
Suppose -5*j - 19 + 103 = 4*c, -2*c = 2*j - 40. Is 2 a factor of c?
True
Let r(u) = u**3 + 9*u**2 - 27*u - 1. Is 22 a factor of r(-7)?
True
Suppose -16 = -d - 3*d. Suppose 0 = -5*i + d*i + 6. Is i a multiple of 6?
True
Let q = -19 + 101. Is 13 a factor of q?
False
Let n(m) = 5*m**2 - 2*m**3 + 4 + 3*m**3 - 2*m**3. Let i be n(5). Suppose -l = -i*y - 3*l + 92, 4*y + 5*l - 98 = 0. Does 22 divide y?
True
Let h = -28 + 17. Does 17 divide (-22)/(-121) + (-372)/h?
True
Let h be (34 - 9)*2/5. Suppose -5*t + h*t - 25 = -l, 0 = -2*l - t + 41. Is l a multiple of 10?
True
Let g(b) = 2*b**2 - 7*b + 4. Let a be g(4). Suppose -4*y - r + a = 0, -2*y + 5*y - 4*r + 13 = 0. Let w(p) = 20*p**2 - p + 1. Is w(y) a multiple of 9?
False
Let i(o) = o + 13. Let z be i(-9). Let c = z + -2. Suppose -c*t - t = -150. Is 21 a factor of t?
False
Suppose 0 = -3*f + 12 + 69. Is 3 a factor of f?
True
Suppose -3*k = -5*n - 7, 2*k = 3*k + 3*n - 7. Suppose -p + 150 = k*p. Is 8 a factor of p?
False
Let u(x) be the first derivative of x**4/4 + 2*x**3/3 + x**2/2 - 4*x - 2. Let j be u(-3). Let s = j + 30. Does 5 divide s?
False
Does 27 divide (6/(-15) - -1)/(1/45)?
True
Let w(y) = -8*y - 2. Let s be (0 - -10)*(-2)/(-5). Let t be -7 - (2 - s)*1. Is w(t) a multiple of 13?
False
Let a(o) = -o**2 - 20*o - 17. Is 8 a factor of a(-17)?
False
Let b(k) = k**3 - 6*k**2 + 5*k - 3. Let n be b(6). Suppose l - 5*a - 30 = n, -a - 61 = -l. Is l a multiple of 19?
False
Suppose 0*z - 4*z + 4 = 0, 0 = 4*k - 2*z - 430. Suppose -5*t - 4*o = -131 - 35, -k = -4*t + 3*o. Is 30 a factor of t?
True
Does 39 divide 4 + 79 + -4 + -1?
True
Let d(g) be the second derivative of -g**2 + 0 - 1/2*g**3 + 1/12*g**4 - g. Is 8 a factor of d(-3)?
True
Suppose -v - 2*v = -4*n - 60, 0 = -4*v - 2*n + 102. Does 10 divide v?
False
Let v(m) = m**2 + 1. Let r be v(1). Suppose -4*a + 22 = 2*n, r*a - 2*n = -n + 5. Suppose a*i - i - 48 = 0. Does 8 divide i?
True
Suppose -g + 2*g - 34 = 0. Suppose -4*n + 122 = -g. Is n a multiple of 10?
False
Let w = 15 + -11. Suppose -4*r + 256 - w = 0. Is r a multiple of 23?
False
Suppose 0 = -5*p - 3*v + 101, 3*p + 3*v = 8*p - 119. Does 13 divide p?
False
Let d be (-4)/(-6) + (-4)/(-12). Does 17 divide d*6*85/10?
True
Suppose 4*h - 109 - 451 = 0. Suppose -4*q - 2*w + 200 = 0, 3*w - 2*w + h = 3*q. Is q a multiple of 16?
True
Suppose s - 3*x = 3*s - 339, -s + x = -172. Does 31 divide s?
False
Let k(i) = -i**3 + 4*i**2 + 5*i - 3. Suppose -2*l + 3 + 0 = -5*v, 0 = l + 4*v - 8. Is 17 a factor of k(l)?
True
Let s = 33 - -4. Suppose -b - 4 - 6 = 2*n, -4*b = 3*n + 35. Let v = s + b. Is 15 a factor of v?
False
Suppose 0 = -3*r + n - 0 - 5, -3*r - 2*n - 8 = 0. Let i(c) = c**2 - 3*c - 5. Is 3 a factor of i(r)?
False
Does 14 divide (-230)/(-8) - 21/28?
True
Let v = 7 + -9. Let i = 44 + v. Is i a multiple of 12?
False
Let t be 0/2 + (2 - 0). Suppose 0 = -c + 6*c + t*n - 56, 3*n + 54 = 4*c. Suppose z - c = -0. Is 6 a factor of z?
True
Let l = -18 - -19. Let d(n) = n**3 + 5*n**2 - n - 5. Let v be d(-5). Suppose g - l - 2 = v. Is g even?
False
Let q(m) = -17*m - 7. Is 34 a factor of q(-8)?
False
Suppose -m = m - 44. Suppose -3*y + 2*h + m = 0, 0*y - 2*y = -4*h - 12. Does 3 divide y?
False
Suppose 5*x - x + 8 = 0. Is 8 a factor of x/(4 - -2)*-69?
False
Let i = 61 + -111. Let x = -10 - i. Is 10 a factor of x?
True
Suppose -2*w = w + 5*l + 16, 0 = 4*w + 4*l + 16. Is (-4 + 2/(-2))*w a multiple of 10?
True
Let l = 65 + -115. Let g be (l + -1)*6/(-18). Let y = -8 + g. Does 4 divide y?
False
Is 2 a factor of ((-9)/6)/((-5)/10)?
False
Suppose -5*o - 20 = 0, 3*o = -2*n + 98 - 24. Suppose 0 = -2*r + n + 1. Is r a multiple of 6?
False
Let f(b) = 34*b**3 - 2*b + 1. Let n be -3 - -4 - (-4)/(-2). Let z be ((-2)/(-6))/(n/(-3)). Is f(z) a multiple of 12?
False
Suppose -2*n = -5*i + 13, -i + 3*n + 4 = 4*n. Suppose -24 = -i*v - 0. Is 2 a factor of v?
True
Suppose j = 6 - 1. Suppose -2*k - j = -85. Does 10 divide k?
True
Suppose -j + h + 1 = 0, -j = 2*j + 2*h - 8. Let o be (10/(-4))/(j/(-20)). Suppose 0 = -5*v - 5*a + 182 - 67, -5*a = -o. Does 9 divide v?
True
Let o be (-40)/(-15) + 4/(-6). Let d(m) = 10*m + 4. Let g be d(3). Suppose 34 = 2*i + 3*u, 4*u + u = -o*i + g. Is i a multiple of 17?
True
Let l be 12/(-60) - 91/(-5). Suppose l - 62 = -2*x - 5*m, 5*m = 10. Is x a multiple of 16?
False
Let g(a) be the third derivative of a**5/60 - 5*a**4/24 + 2*a**3/3 - 7*a**2. Is 4 a factor of g(5)?
True
Is (3 + (-135)/(-10))/(2/12) a multiple of 33?
True
Let b(n) = 81*n**2 - n + 1. Let a be b(1). Suppose 2*p = a + 21. Does 15 divide p?
False
Suppose 0*f = -5*r + 2*f + 165, -5*r + f = -165. Is 10 a factor of r?
False
Let i be (-296)/(-48) - 2/12. Let r(b) be the first derivative of 7*b**2/2 + 5*b - 1. Is 13 a factor of r(i)?
False
Let y = 506 + -272. Is 9 a factor of y?
True
Let r(l) = l**3 - 4*l**2 + 3*l + 2. Is 19 a factor of r(6)?
False
Let j(i) = 1 + i + 2*i + 3*i. Let o(c) = -c**2 + 5*c + 1. Let x be o(4). Is j(x) a multiple of 11?
False
Is 702/65 + 1/5 a multiple of 4?
False
Does 6 divide 2/(-6) - (-222)/18?
True
Let u(p) = 2*p**2 - 4*p + 9. Is 13 a factor of u(5)?
True
Let w(k) = -k**2 + 6*k - 4. Let u be w(-6). Let g = u + 106. Is 30 a factor of g?
True
Suppose -5*l - 191 = -3*b - 24, 5*l = -3*b + 157. Let d = b - 6. Is d a multiple of 16?
True
Suppose 0 = -17*o + 20*o - 114. Does 21 divide o?
False
Suppose -119 = -5*w + 2*o, 0 = w + 4*w - o - 122. Suppose -67 - w = -2*u. Is u a multiple of 17?
False
Let n(i) = 2*i - 6. Let k be n(5). Is 14 a factor of (222/3)/(k - 2)?
False
Let w(g) = -g**3 - 9*g**2. Let h be w(-9). Let l be (0 - 8 - -2)*-2. Suppose -m = -h*m - l. Is 6 a factor of m?
True
Let l(i) = -i**3 + 2*i**2 + 4*i - 6. Let f be l(3). Is 26 a factor of 77 + 4/(1 - f)?
True
Is (-2)/(-3)*(-27 - -81) a multiple of 7?
False
Suppose 2*u + u - 39 = 0. Does 6 divide u?
False
Suppose 3*a = 0, -2*p + 2*a = 3*a - 28. Let d = -7 + p. Is 3 a factor of d?
False
Is 8 a factor of 28 - (-2)/4*(-136)/17?
True
Suppose 17*n - 3143 = 1447. Does 41 divide n?
False
Suppose 0 = -5*d - 2*a + 712, -2*